[INFO] fetching crate httprouter 0.5.0...
[INFO] checking httprouter-0.5.0 against master#e6e4f7ed1589e03bc2f6c5931c1a72e7947e8682 for beta-170-4
[INFO] extracting crate httprouter 0.5.0 into /workspace/builds/worker-3-tc2/source
[INFO] validating manifest of crates.io crate httprouter 0.5.0 on toolchain e6e4f7ed1589e03bc2f6c5931c1a72e7947e8682
[INFO] running `Command { std: CARGO_HOME="/workspace/cargo-home" RUSTUP_HOME="/workspace/rustup-home" "/workspace/cargo-home/bin/cargo" "+e6e4f7ed1589e03bc2f6c5931c1a72e7947e8682" "metadata" "--manifest-path" "Cargo.toml" "--no-deps", kill_on_drop: false }`
[INFO] started tweaking crates.io crate httprouter 0.5.0
[INFO] finished tweaking crates.io crate httprouter 0.5.0
[INFO] tweaked toml for crates.io crate httprouter 0.5.0 written to /workspace/builds/worker-3-tc2/source/Cargo.toml
[INFO] running `Command { std: CARGO_HOME="/workspace/cargo-home" RUSTUP_HOME="/workspace/rustup-home" __CARGO_TEST_CHANNEL_OVERRIDE_DO_NOT_USE_THIS="nightly" "/workspace/cargo-home/bin/cargo" "+e6e4f7ed1589e03bc2f6c5931c1a72e7947e8682" "generate-lockfile" "--manifest-path" "Cargo.toml" "-Zno-index-update", kill_on_drop: false }`
[INFO] running `Command { std: CARGO_HOME="/workspace/cargo-home" RUSTUP_HOME="/workspace/rustup-home" "/workspace/cargo-home/bin/cargo" "+e6e4f7ed1589e03bc2f6c5931c1a72e7947e8682" "fetch" "--manifest-path" "Cargo.toml", kill_on_drop: false }`
[INFO] running `Command { std: "docker" "create" "-v" "/var/lib/crater-agent-workspace/builds/worker-3-tc2/target:/opt/rustwide/target:rw,Z" "-v" "/var/lib/crater-agent-workspace/builds/worker-3-tc2/source:/opt/rustwide/workdir:ro,Z" "-v" "/var/lib/crater-agent-workspace/cargo-home:/opt/rustwide/cargo-home:ro,Z" "-v" "/var/lib/crater-agent-workspace/rustup-home:/opt/rustwide/rustup-home:ro,Z" "-e" "SOURCE_DIR=/opt/rustwide/workdir" "-e" "CARGO_TARGET_DIR=/opt/rustwide/target" "-e" "CARGO_HOME=/opt/rustwide/cargo-home" "-e" "RUSTUP_HOME=/opt/rustwide/rustup-home" "-w" "/opt/rustwide/workdir" "-m" "1610612736" "--user" "0:0" "--network" "none" "ghcr.io/rust-lang/crates-build-env/linux@sha256:19e73879b68f455e41552ea35293514db52ea292d993f571636dbffedb77a1ee" "/opt/rustwide/cargo-home/bin/cargo" "+e6e4f7ed1589e03bc2f6c5931c1a72e7947e8682" "metadata" "--no-deps" "--format-version=1", kill_on_drop: false }`
[INFO] [stdout] 329d0921913877f6918fb800e6d084551062224deefbd71b4eeaacdb26e38514
[INFO] running `Command { std: "docker" "start" "-a" "329d0921913877f6918fb800e6d084551062224deefbd71b4eeaacdb26e38514", kill_on_drop: false }`
[INFO] running `Command { std: "docker" "inspect" "329d0921913877f6918fb800e6d084551062224deefbd71b4eeaacdb26e38514", kill_on_drop: false }`
[INFO] running `Command { std: "docker" "rm" "-f" "329d0921913877f6918fb800e6d084551062224deefbd71b4eeaacdb26e38514", kill_on_drop: false }`
[INFO] [stdout] 329d0921913877f6918fb800e6d084551062224deefbd71b4eeaacdb26e38514
[INFO] running `Command { std: "docker" "create" "-v" "/var/lib/crater-agent-workspace/builds/worker-3-tc2/target:/opt/rustwide/target:rw,Z" "-v" "/var/lib/crater-agent-workspace/builds/worker-3-tc2/source:/opt/rustwide/workdir:ro,Z" "-v" "/var/lib/crater-agent-workspace/cargo-home:/opt/rustwide/cargo-home:ro,Z" "-v" "/var/lib/crater-agent-workspace/rustup-home:/opt/rustwide/rustup-home:ro,Z" "-e" "SOURCE_DIR=/opt/rustwide/workdir" "-e" "CARGO_TARGET_DIR=/opt/rustwide/target" "-e" "CARGO_INCREMENTAL=0" "-e" "RUST_BACKTRACE=full" "-e" "RUSTFLAGS=--cap-lints=forbid" "-e" "RUSTDOCFLAGS=--cap-lints=forbid" "-e" "CARGO_HOME=/opt/rustwide/cargo-home" "-e" "RUSTUP_HOME=/opt/rustwide/rustup-home" "-w" "/opt/rustwide/workdir" "-m" "1610612736" "--user" "0:0" "--network" "none" "ghcr.io/rust-lang/crates-build-env/linux@sha256:19e73879b68f455e41552ea35293514db52ea292d993f571636dbffedb77a1ee" "/opt/rustwide/cargo-home/bin/cargo" "+e6e4f7ed1589e03bc2f6c5931c1a72e7947e8682" "check" "--frozen" "--all" "--all-targets" "--message-format=json", kill_on_drop: false }`
[INFO] [stdout] ecae0f4b037f3a497c84ae790e4bcfdce84cf2b9567a318c11a021de07f3f9d8
[INFO] running `Command { std: "docker" "start" "-a" "ecae0f4b037f3a497c84ae790e4bcfdce84cf2b9567a318c11a021de07f3f9d8", kill_on_drop: false }`
[INFO] [stderr]    Compiling libc v0.2.144
[INFO] [stderr]    Compiling parking_lot_core v0.9.7
[INFO] [stderr]    Compiling futures-core v0.3.28
[INFO] [stderr]     Checking smallvec v1.10.0
[INFO] [stderr]    Compiling log v0.4.18
[INFO] [stderr]    Compiling futures-task v0.3.28
[INFO] [stderr]    Compiling futures-util v0.3.28
[INFO] [stderr]    Compiling lock_api v0.4.9
[INFO] [stderr]    Compiling tokio v1.28.2
[INFO] [stderr]    Compiling futures-channel v0.3.28
[INFO] [stderr]    Compiling httparse v1.8.0
[INFO] [stderr]     Checking tracing-core v0.1.31
[INFO] [stderr]     Checking try-lock v0.2.4
[INFO] [stderr]     Checking tower-service v0.3.2
[INFO] [stderr]     Checking http-body v0.4.5
[INFO] [stderr]     Checking matchit v0.3.2
[INFO] [stderr]     Checking want v0.3.0
[INFO] [stderr]     Checking tracing v0.1.37
[INFO] [stderr]     Checking socket2 v0.4.9
[INFO] [stderr]     Checking signal-hook-registry v1.4.1
[INFO] [stderr]     Checking mio v0.8.8
[INFO] [stderr]     Checking num_cpus v1.15.0
[INFO] [stderr]     Checking parking_lot v0.12.1
[INFO] [stderr]     Checking hyper v0.14.26
[INFO] [stderr]     Checking httprouter v0.5.0 (/opt/rustwide/workdir)
[INFO] [stdout] error[E0603]: module `path` is private
[INFO] [stdout]    --> benches/bench.rs:10:17
[INFO] [stdout]     |
[INFO] [stdout] 10  | use httprouter::path::*;
[INFO] [stdout]     |                 ^^^^ private module
[INFO] [stdout]     |
[INFO] [stdout] note: the module `path` is defined here
[INFO] [stdout]    --> /opt/rustwide/workdir/src/lib.rs:196:1
[INFO] [stdout]     |
[INFO] [stdout] 196 | pub(crate) mod path;
[INFO] [stdout]     | ^^^^^^^^^^^^^^^^^^^
[INFO] [stdout] 
[INFO] [stdout] 
[INFO] [stdout] error[E0425]: cannot find function `clean` in this scope
[INFO] [stdout]   --> benches/bench.rs:69:29
[INFO] [stdout]    |
[INFO] [stdout] 69 |             test::black_box(clean(test.0));
[INFO] [stdout]    |                             ^^^^^ not found in this scope
[INFO] [stdout] 
[INFO] [stdout] 
[INFO] [stdout] error[E0425]: cannot find function `clean` in this scope
[INFO] [stdout]   --> benches/bench.rs:70:29
[INFO] [stdout]    |
[INFO] [stdout] 70 |             test::black_box(clean(test.1));
[INFO] [stdout]    |                             ^^^^^ not found in this scope
[INFO] [stdout] 
[INFO] [stdout] 
[INFO] [stdout] error[E0425]: cannot find function `clean` in this scope
[INFO] [stdout]   --> benches/bench.rs:90:29
[INFO] [stdout]    |
[INFO] [stdout] 90 |             test::black_box(clean(&test.0));
[INFO] [stdout]    |                             ^^^^^ not found in this scope
[INFO] [stdout] 
[INFO] [stdout] 
[INFO] [stdout] error[E0425]: cannot find function `clean` in this scope
[INFO] [stdout]   --> benches/bench.rs:91:29
[INFO] [stdout]    |
[INFO] [stdout] 91 |             test::black_box(clean(&test.1));
[INFO] [stdout]    |                             ^^^^^ not found in this scope
[INFO] [stdout] 
[INFO] [stdout] 
[INFO] [stdout] error: aborting due to 5 previous errors
[INFO] [stdout] 
[INFO] [stdout] 
[INFO] [stdout] Some errors have detailed explanations: E0425, E0603.
[INFO] [stdout] 
[INFO] [stdout] For more information about an error, try `rustc --explain E0425`.
[INFO] [stdout] 
[INFO] [stderr] error: could not compile `httprouter` (bench "bench") due to 6 previous errors
[INFO] running `Command { std: "docker" "inspect" "ecae0f4b037f3a497c84ae790e4bcfdce84cf2b9567a318c11a021de07f3f9d8", kill_on_drop: false }`
[INFO] running `Command { std: "docker" "rm" "-f" "ecae0f4b037f3a497c84ae790e4bcfdce84cf2b9567a318c11a021de07f3f9d8", kill_on_drop: false }`
[INFO] [stdout] ecae0f4b037f3a497c84ae790e4bcfdce84cf2b9567a318c11a021de07f3f9d8
